{"id":771,"date":"2025-07-06T09:49:21","date_gmt":"2025-07-06T07:49:21","guid":{"rendered":"https:\/\/amfs.org\/?page_id=771"},"modified":"2025-07-06T10:33:48","modified_gmt":"2025-07-06T08:33:48","slug":"congres-formations","status":"publish","type":"page","link":"https:\/\/amfs.org\/?page_id=771","title":{"rendered":"Congr\u00e8s \/ Formations"},"content":{"rendered":"\n<p class=\"has-text-align-center\"><strong>LA QUATRI\u00c8ME RENCONTRE ENTRE LES PROFESSIONNELS DE SANTE FRANCO-SYRIENS<\/strong><\/p>\n\n\n\n<p>Organisateurs :<\/p>\n\n\n\n<div class=\"wp-block-group\"><div class=\"wp-block-group__inner-container is-layout-constrained wp-block-group-is-layout-constrained\">\n<p>Dr ALAGHA Khuder<\/p>\n\n\n\n<p>Dr ALKHADDOUR Chaukat<\/p>\n\n\n\n<p>Dr AMKIE Hicham<\/p>\n\n\n\n<p>Dr ABBOUD Dirar<\/p>\n\n\n\n<p>Dr HALLAK Wadie<\/p>\n\n\n\n<p>Dr JARJOUR Baihas<\/p>\n\n\n\n<p>Dr NAAMAN Khaldoun<\/p>\n\n\n\n<p>Dr NAKRY Tony<\/p>\n\n\n\n<p>Dr SULEIMAN Nizar<\/p>\n<\/div><\/div>\n\n\n\n<figure class=\"wp-block-image size-large\"><img loading=\"lazy\" decoding=\"async\" width=\"1024\" height=\"681\" src=\"http:\/\/amfs.org\/wp-content\/uploads\/2025\/02\/la-grande-motte-1024x681.jpg\" alt=\"\" class=\"wp-image-761\" srcset=\"https:\/\/amfs.org\/wp-content\/uploads\/2025\/02\/la-grande-motte-1024x681.jpg 1024w, https:\/\/amfs.org\/wp-content\/uploads\/2025\/02\/la-grande-motte-300x199.jpg 300w, https:\/\/amfs.org\/wp-content\/uploads\/2025\/02\/la-grande-motte-768x511.jpg 768w, https:\/\/amfs.org\/wp-content\/uploads\/2025\/02\/la-grande-motte.jpg 1280w\" sizes=\"auto, (max-width: 767px) 89vw, (max-width: 1000px) 54vw, (max-width: 1071px) 543px, 580px\" \/><\/figure>\n\n\n\n<div class=\"wp-block-group\"><div class=\"wp-block-group__inner-container is-layout-constrained wp-block-group-is-layout-constrained\">\n<p class=\"has-text-align-center\"><strong>Lieu<\/strong> : Palais des Congr\u00e8s, La Grande Motte<\/p>\n\n\n\n<p class=\"has-text-align-center\"><strong>Date<\/strong> : 30 -31 mai 2025<\/p>\n\n\n\n<p class=\"has-text-align-center\"><strong><u>Programme&nbsp;:<\/u><\/strong><\/p>\n\n\n\n<p><strong><em>13h00&nbsp;: Accueil des participants<\/em><\/strong><\/p>\n\n\n\n<p><strong><em>14h00 : Ouverture de congr\u00e8s<\/em><\/strong><\/p>\n\n\n\n<p><strong><em>Mot du pr\u00e9sident de l\u2019AMFS&nbsp;Dr Maher DAOUD<\/em><\/strong><\/p>\n\n\n\n<p><strong><em>Mod\u00e9rateurs : Dr Sabine ASOUAD, Dr Khuder ALAGHA<\/em><\/strong><\/p>\n\n\n\n<p><strong><em>14h05 \u2013 14h20 : Traitement m\u00e9dical des douleurs neuropathiques par l\u2019implantation de neurostimulation. Dr Mazen NUKKARI, Dr Nizar SULEIMAN.<\/em><\/strong><\/p>\n\n\n\n<figure class=\"wp-block-video\"><\/figure>\n\n\n\n<div style=\"height:100px\" aria-hidden=\"true\" class=\"wp-block-spacer\"><\/div>\n\n\n\n<p><strong><em>14h20 \u2013 14h35 : Prise en charge de l\u2019asthme s\u00e9v\u00e8re : Nouveaut\u00e9s : Dr Khuder ALAGHA<\/em><\/strong><\/p>\n\n\n\n<figure class=\"wp-block-video\"><\/figure>\n\n\n\n<div style=\"height:100px\" aria-hidden=\"true\" class=\"wp-block-spacer\"><\/div>\n\n\n\n<p><strong><em>14h35 \u2013 14h50 : Apn\u00e9e du sommeil : Une maladie occulte ? Dr Baihas JARJOUR, Dr Khaldoun NAAMAN<\/em><\/strong><\/p>\n\n\n\n<figure class=\"wp-block-video\"><\/figure>\n\n\n\n<div style=\"height:100px\" aria-hidden=\"true\" class=\"wp-block-spacer\"><\/div>\n\n\n\n<p><strong><em>14h50 \u2013 15h00 : Actualit\u00e9 en cancer du sein \u2013 cancer du colon : Dr Tony NAKRY<\/em><\/strong><\/p>\n\n\n\n<p><strong><em>15h00 \u2013 15h45 :<\/em><\/strong><\/p>\n\n\n\n<p><strong><em>&#8211; Freiner la progression de la myopie : Strat\u00e9gie et innovations actuelles : Dr Mario FRANKOL. (15min)<\/em><\/strong><\/p>\n\n\n\n<figure class=\"wp-block-video\"><\/figure>\n\n\n\n<div style=\"height:100px\" aria-hidden=\"true\" class=\"wp-block-spacer\"><\/div>\n\n\n\n<p><strong><em>&#8211; Etat des lieux en reconstruction mammaire : Dr Jacques OBEIDA (15 min)<\/em><\/strong><\/p>\n\n\n\n<figure class=\"wp-block-video\"><\/figure>\n\n\n\n<div style=\"height:100px\" aria-hidden=\"true\" class=\"wp-block-spacer\"><\/div>\n\n\n\n<p><strong><em>&#8211; L\u2019intelligence artificielle en m\u00e9decine : Une perspective d\u2019avenir&nbsp;? Dr Michel FAYAD. (15 min).<\/em><\/strong><\/p>\n\n\n\n<figure class=\"wp-block-video\"><\/figure>\n\n\n\n<div style=\"height:100px\" aria-hidden=\"true\" class=\"wp-block-spacer\"><\/div>\n\n\n\n<p><strong><em>15h45 \u2013 16h30 : Pause et visite des stands<\/em><\/strong><\/p>\n\n\n\n<p><strong><em>16h30 \u2013 16h50 : Allergie ? ou Intol\u00e9rance alimentaire ? Quelle diff\u00e9rence ? Quel test biologique ? Dr Christine ABBOUD &#8211; BOUZ<\/em><\/strong><\/p>\n\n\n\n<div class=\"wp-block-file\"><a id=\"wp-block-file--media-5a893efd-0156-47cf-8d06-7c68f7fdde65\" href=\"http:\/\/amfs.org\/wp-content\/uploads\/2025\/07\/AMFS-2025-Allergie-ou-intolerance-alimentaire-quelle-difference.pptx\">AMFS 2025, Allergie ou intol\u00e9rance alimentaire, quelle diff\u00e9rence<\/a><a href=\"http:\/\/amfs.org\/wp-content\/uploads\/2025\/07\/AMFS-2025-Allergie-ou-intolerance-alimentaire-quelle-difference.pptx\" class=\"wp-block-file__button wp-element-button\" download aria-describedby=\"wp-block-file--media-5a893efd-0156-47cf-8d06-7c68f7fdde65\">T\u00e9l\u00e9charger<\/a><\/div>\n\n\n\n<figure class=\"wp-block-video\"><\/figure>\n\n\n\n<div style=\"height:100px\" aria-hidden=\"true\" class=\"wp-block-spacer\"><\/div>\n\n\n\n<p><strong><em>16h50 \u2013 17h10 : Traitement m\u00e9dical de l\u2019ob\u00e9sit\u00e9 : Nouveaut\u00e9s : Dr Firas KANDALAFT<\/em><\/strong><\/p>\n\n\n\n<figure class=\"wp-block-video\"><\/figure>\n\n\n\n<div style=\"height:100px\" aria-hidden=\"true\" class=\"wp-block-spacer\"><\/div>\n\n\n\n<p><strong><em>17h10 \u2013 17h30 : Table ronde : Ob\u00e9sit\u00e9 : autre option th\u00e9rapeutique : Pour ou contre ? Dr Firas KANDALAFT, Dr Hussien HABIBA, Dr Dirar ABBOUD.<\/em><\/strong><\/p>\n\n\n\n<p><strong><em>17h30 \u2013 18h15 : Conseil juridique : Complication m\u00e9dicale \u2013 secret m\u00e9dical : quelle approche juridique ? Me Dominique DECAMPS-MINI.<\/em><\/strong><\/p>\n\n\n\n<p class=\"has-text-align-center\"><strong><em>18h15 \u2013 18h30 : Cl\u00f4ture de Congr\u00e8s.<\/em><\/strong><\/p>\n\n\n\n<hr class=\"wp-block-separator has-alpha-channel-opacity\"\/>\n<\/div><\/div>\n","protected":false},"excerpt":{"rendered":"<p>LA QUATRI\u00c8ME RENCONTRE ENTRE LES PROFESSIONNELS DE SANTE FRANCO-SYRIENS Organisateurs : Dr ALAGHA Khuder Dr ALKHADDOUR Chaukat Dr AMKIE Hicham Dr ABBOUD Dirar Dr HALLAK Wadie Dr JARJOUR Baihas Dr NAAMAN Khaldoun Dr NAKRY Tony Dr SULEIMAN Nizar Lieu : Palais des Congr\u00e8s, La Grande Motte Date : 30 -31 mai 2025 Programme&nbsp;: 13h00&nbsp;: Accueil &hellip; <\/p>\n<p class=\"link-more\"><a href=\"https:\/\/amfs.org\/?page_id=771\" class=\"more-link\">Continuer la lecture<span class=\"screen-reader-text\"> de &laquo;&nbsp;Congr\u00e8s \/ Formations&nbsp;&raquo;<\/span><\/a><\/p>\n","protected":false},"author":4,"featured_media":0,"parent":0,"menu_order":0,"comment_status":"closed","ping_status":"closed","template":"","meta":{"footnotes":""},"class_list":["post-771","page","type-page","status-publish","hentry"],"_links":{"self":[{"href":"https:\/\/amfs.org\/index.php?rest_route=\/wp\/v2\/pages\/771","targetHints":{"allow":["GET"]}}],"collection":[{"href":"https:\/\/amfs.org\/index.php?rest_route=\/wp\/v2\/pages"}],"about":[{"href":"https:\/\/amfs.org\/index.php?rest_route=\/wp\/v2\/types\/page"}],"author":[{"embeddable":true,"href":"https:\/\/amfs.org\/index.php?rest_route=\/wp\/v2\/users\/4"}],"replies":[{"embeddable":true,"href":"https:\/\/amfs.org\/index.php?rest_route=%2Fwp%2Fv2%2Fcomments&post=771"}],"version-history":[{"count":15,"href":"https:\/\/amfs.org\/index.php?rest_route=\/wp\/v2\/pages\/771\/revisions"}],"predecessor-version":[{"id":793,"href":"https:\/\/amfs.org\/index.php?rest_route=\/wp\/v2\/pages\/771\/revisions\/793"}],"wp:attachment":[{"href":"https:\/\/amfs.org\/index.php?rest_route=%2Fwp%2Fv2%2Fmedia&parent=771"}],"curies":[{"name":"wp","href":"https:\/\/api.w.org\/{rel}","templated":true}]}}